, 1199857
What are the prime factors of 1337362?
2, 13, 51437
What are the prime factors of 5200894?
2, 101, 25747
List the prime factors of 7272624.
2, 3, 103, 1471
List the prime factors of 407002.
2, 197, 1033
List the prime factors of 143734.
2, 71867
List the prime factors of 284957.
284957
List the prime factors of 1346246.
2, 11, 5563
What are the prime factors of 996952?
2, 11, 11329
List the prime factors of 1754613.
3, 7, 27851
List the prime factors of 18300841.
13, 108289
What are the prime factors of 40874?
2, 107, 191
What are the prime factors of 9183735?
3, 5, 11, 18553
List the prime factors of 419820.
2, 3, 5, 6997
What are the prime factors of 82498?
2, 13, 19, 167
List the prime factors of 1580308.
2, 461, 857
What are the prime factors of 1702527?
3, 541, 1049
List the prime factors of 7161018.
2, 3, 1193503
List the prime factors of 10101570.
2, 3, 5, 17, 29, 683
What are the prime factors of 13965812?
2, 7, 498779
What are the prime factors of 24633907?
41, 600827
What are the prime factors of 7312874?
2, 3656437
What are the prime factors of 2395054?
2, 1197527
List the prime factors of 298858.
2, 7, 21347
List the prime factors of 2172254.
2, 7, 155161
List the prime factors of 114087.
3, 17, 2237
What are the prime factors of 204911?
7, 73, 401
List the prime factors of 5706393.
3, 7, 11, 3529
List the prime factors of 3198505.
5, 639701
What are the prime factors of 22388213?
19, 163, 7229
What are the prime factors of 1482550?
2, 5, 149, 199
What are the prime factors of 4089302?
2, 7, 292093
List the prime factors of 11727578.
2, 5863789
List the prime factors of 592991.
7, 84713
List the prime factors of 1799857.
79, 22783
What are the prime factors of 257449?
101, 2549
List the prime factors of 5301224.
2, 23, 47, 613
What are the prime factors of 12245313?
3, 4081771
List the prime factors of 358538.
2, 179269
What are the prime factors of 12747581?
7, 11, 165553
What are the prime factors of 8931448?
2, 1116431
What are the prime factors of 474179?
29, 83, 197
List the prime factors of 2763433.
31, 97, 919
What are the prime factors of 3869856?
2, 3, 1493
List the prime factors of 186826.
2, 109, 857
List the prime factors of 1671908.
2, 7, 29, 71
What are the prime factors of 7140448?
2, 7, 127, 251
List the prime factors of 977053.
7, 11, 12689
List the prime factors of 13635398.
2, 7, 973957
What are the prime factors of 336896?
2, 7, 47
What are the prime factors of 1920845?
5, 23, 16703
What are the prime factors of 14436937?
83, 281, 619
List the prime factors of 6645058.
2, 7, 474647
What are the prime factors of 15057992?
2, 251, 7499
What are the prime factors of 210383?
101, 2083
List the prime factors of 7346579.
83, 88513
What are the prime factors of 269140?
2, 5, 13457
List the prime factors of 2231952.
2, 3, 46499
List the prime factors of 68535.
3, 5, 1523
List the prime factors of 4968900.
2, 3, 5, 5521
What are the prime factors of 899510?
2, 5, 293, 307
What are the prime factors of 2311111?
11, 210101
What are the prime factors of 10443356?
2, 7, 11, 41, 827
List the prime factors of 1337615.
5, 267523
List the prime factors of 1089173.
17, 79, 811
List the prime factors of 12044255.
5, 67, 157, 229
List the prime factors of 740491.
311, 2381
What are the prime factors of 472534?
2, 191, 1237
What are the prime factors of 970664?
2, 121333
List the prime factors of 258411.
3, 86137
List the prime factors of 14495211.
3, 1610579
What are the prime factors of 77901?
3, 23, 1129
What are the prime factors of 4996881?
3, 555209
List the prime factors of 3905365.
5, 79, 9887
List the prime factors of 19607217.
3, 7, 933677
What are the prime factors of 810922?
2, 7, 57923
What are the prime factors of 406976?
2, 6359
List the prime factors of 1076023.
13, 6367
What are the prime factors of 151330?
2, 5, 37, 409
List the prime factors of 4006861.
4006861
List the prime factors of 111498.
2, 3, 18583
What are the prime factors of 9716571?
3, 17, 21169
List the prime factors of 1525384.
2, 7, 27239
What are the prime factors of 2238874?
2, 11, 149, 683
What are the prime factors of 84389?
84389
What are the prime factors of 18825244?
2, 4706311
List the prime factors of 946996.
2, 236749
List the prime factors of 7506669.
3, 659, 3797
What are the prime factors of 1759003?
1759003
List the prime factors of 2238827.
19, 117833
What are the prime factors of 389378?
2, 11, 1609
List the prime factors of 123674.
2, 61837
What are the prime factors of 3520816?
2, 13, 16927
List the prime factors of 4032064.
2, 251
List the prime factors of 32139435.
3, 5, 17, 126037
What are the prime factors of 558226?
2, 43, 6491
List the prime factors of 4352759.
683, 6373
What are the prime factors of 39404792?
2, 7, 703657
List the prime factors of 2031951.
3, 47, 14411
List the prime factors of 4976928.
2, 3, 11, 1571
List the prime factors of 13368359.
23, 37, 683
What are the prime factors of 207645?
3, 5, 109, 127
What are the prime factors of 41315?
5, 8263
List the prime factors of 6264498.
2, 3, 43, 24281
What are the prime factors of 252267?
3, 84089
What are the prime factors of 366084?
2, 3, 10169
List the prime factors of 5511149.
7, 31, 109, 233
What are the prime factors of 5702287?
5702287
What are the prime factors of 5476750?
2, 5, 19, 1153
List the prime factors of 8534223.
3, 948247
What are the prime factors of 4447388?
2, 11, 61, 1657
What are the prime factors of 633610?
2, 5, 63361
List the prime factors of 304364.
2, 76091
List the prime factors of 20213645.
5, 4042729
What are the prime factors of 109983?
3, 61, 601
What are the prime factors of 5661210?
2, 3, 5, 188707
List the prime factors of 209561.
11, 19051
What are the prime factors of 5984191?
503, 11897
List the prime factors of 3671915.
5, 13, 17, 3323
What are the prime factors of 3218080?
2, 5, 20113
List the prime factors of 220684.
2, 55171
List the prime factors of 131507.
131507
List the prime factors of 10479419.
10479419
List the prime factors of 510907.
510907
What are the prime factors of 32834613?
3, 7, 53, 29501
List the prime factors of 1993780.
2, 5, 99689
What are the prime factors of 342384?
2, 3, 7, 1019
List the prime factors of 1753257.
3, 11, 53129
What are the prime factors of 98604?
2, 3, 11, 83
What are the prime factors of 270486?
2, 3, 5009
List the prime factors of 2314099.
23, 100613
What are the prime factors of 14223017?
31, 458807
List the prime factors of 11154687.
3, 3718229
What are the prime factors of 212986?
2, 109, 977
What are the prime factors of 128352?
2, 3, 7, 191
What are the prime factors of 22242061?
22242061
List the prime factors of 294456.
2, 3, 12269
What are the prime factors of 24605593?
1877, 13109
List the prime factors of 37408.
2, 7, 167
What are the prime factors of 417297?
3, 19, 7321
What are the prime factors of 1405394?
2, 47, 14951
List the prime factors of 10763963.
7, 1537709
What are the prime factors of 4177931?
4177931
What are the prime factors of 427?
7, 61
List the prime factors of 151875.
3, 5
What are the prime factors of 794101?
7, 11, 10313
List the prime factors of 11454640.
2, 5, 131, 1093
What are the prime factors of 4131804?
2, 3, 29, 31, 383
List the prime factors of 7853200.
2, 5, 29, 677
List the prime factors of 27126392.
2, 83, 40853
What are the prime factors of 10467445?
5, 2093489
What are the prime factors of 1127803?
1127803
List the prime factors of 35869.
35869
List the prime factors of 211711.
211711
What are the prime factors of 14788376?
2, 29, 63743
List the prime factors of 54602.
2, 23, 1187
What are the prime factors of 10358377?
47, 220391
List the prime factors of 405492.
2, 3, 33791
List the prime factors of 2246521.
2246521
What are the prime factors of 160132?
2, 7, 19, 43
What are the prime factors of 372495?
3, 5, 19, 1307
What are the prime factors of 228748?
2, 13, 53, 83
List the prime factors of 965639.
965639
List the prime factors of 757157.
757157
What are the prime factors of 42885?
3, 5, 953
List the prime factors of 2873823.
3, 491, 1951
List the prime factors of 66126.
2, 3, 103, 107
List the prime factors of 14402006.
2, 1277, 5639
List the prime factors of 11872625.
5, 19, 4999
What are the prime factors of 87663